e of (-11 - 9) + (10 - -8)?
-2
Evaluate 8 + 1 - (8 - (13 - 19 - -9)).
4
What is the value of (10 - 31 - (-23 + -1)) + 5 + 0?
8
What is the value of (5 - -2) + (-7 - -25) + -5?
20
What is (-4 - (1 + -1 - 3)) + (-12 - -22)?
9
What is 11 + (0 - (1 - (11 - 0)))?
21
What is -36 + 41 + 1 + -1 - (18 + 6)?
-19
What is the value of 4 + (7 - (-6 + 20)) + (-7 - 2)?
-12
Evaluate 7 + (2 - (1 + 7)) - (8 - 20).
13
What is 4 + 5 + (4 - 13 - -12)?
12
Evaluate -43 + (36 - -22) - -2.
17
Evaluate -9 + -2 - -2 - (-13 - -1).
3
Evaluate 26 - (14 + -1 - (-16 - -23)).
20
Calculate -6 + (16 - 10 - (-1 - -1)).
0
Calculate -9 + -12 + 25 - ((-3 - -1) + 9).
-3
Calculate (5 - (-1 - -1)) + (-30 - -110) + -76.
9
Evaluate 50 - 69 - (-5 + (3 - 17)).
0
What is -10 - -17 - (-4 - (-1 - 4))?
6
-33 + 36 + -75 + 43
-29
-20 + 5 - (-21 + 16)
-10
What is the value of -2 + 14 - (55 + -54) - 7?
4
Evaluate 37 - 17 - 15 - -7.
12
Calculate -42 + (-32 - (29 + -67)).
-36
Calculate -9 - (-29 + 10) - 33.
-23
What is 14 + (-9 - (-2 - -14))?
-7
What is (0 - -1) + (0 - 7) - -6?
0
What is (2 - (-12 + 6 + 6 + -1)) + 3?
6
Calculate (20 - 13 - 0) + (11 - 5).
13
Evaluate -32 - -44 - (12 + -6 + 3).
3
What is the value of -1 - (1 + 1) - (-1 + 8)?
-10
Evaluate 9 - (52 + -9 + -2 + -4).
-28
What is -1 + 3 - (-161 - -163)?
0
Calculate (1 + 1 - 18) + 47 + -56 - -8.
-17
What is the value of -9 + -17 - (-46 + 29)?
-9
(-63 - -28) + 11 - -38
14
Calculate -5 + (15 - 42) + 46.
14
Evaluate 14 + -24 + -7 + 14.
-3
What is the value of -5 - (-2 - ((3 - 11) + (0 - -7)))?
-4
Calculate 8 + 18 + -37 + -1.
-12
Calculate 0 - (-1 + 7) - (0 + (-4 - 1)).
-1
(353 - 352) + (7 - 2)
6
What is the value of (5 - 0) + (-25 - 17 - -24) + -10?
-23
What is the value of (-11 + 8 + -12 - -12) + 21?
18
Evaluate 1 + (-3 - -12 - -6 - 10).
6
What is the value of 72 - 109 - (3 + -15)?
-25
What is the value of -12 + -6 + (-8 - (-5 - 8)) + 0?
-13
16 + -1 + -12 + -4 + 5
4
17 + (-9 - -12) + -15
5
What is the value of 10 + (18 - 20 - 5)?
3
(-24 + (-12 - -39) - (1 + 21)) + 9
-10
-1 + (-7 + -6 + 16 - (-30 - -4))
28
What is 1 + -12 + 863 + -869?
-17
Evaluate 1 + 6 + -3 + (-14 + 23 - 10).
3
Calculate 0 + (-1 - 9 - -15).
5
Calculate 38 - (8 + 8) - (-1 - 1).
24
What is -6 + -1 + -1 - (81 + -69 + -21)?
1
Calculate (-3 - -1 - 11) + -1895 + 1907.
-1
Calculate -4 + 4 + (29 - 19).
10
What is the value of 5 + (-32 - -9 - -21)?
3
What is -5 + 3 + (-17 - (5 + -3)) - -7?
-14
(5 - -1) + (6 - -3) + -9
6
Calculate (51 - 50) + -29 + 13 + -1 + 3.
-13
What is 32 - (-41 + (21 - -12))?
40
Calculate 1 + (12 - 29) - -29.
13
-2 + -4 + 5 + 2 + -5 + 5
1
Calculate (1 - 1) + 8 - (-14 - -22).
0
Evaluate (-1 - 5) + -3 + (11 + -7 - 1).
-6
1 + 3 + -9 - 0 - -1
-4
What is the value of 26 + (-69 - -31 - -11)?
-1
Evaluate -32 - (-5 - (-10 + 21)).
-16
What is the value of 23 - (2 - (-9 + -4 + 5))?
13
What is -3 + 10 + (13 - 12)?
8
What is 12 - (0 + 4) - (-52 - -52)?
8
What is the value of -8 + 1 + (-7 - 0) + -1 + -4?
-19
What is (3 - 0) + (-3 - -5) + (-23 - -8)?
-10
Calculate (-1 + 16 - 11 - 3) + -3.
-2
Evaluate 0 + (7 + -5 + 9 + 4 - 3).
12
What is the value of 27 + -7 + -2 + -7?
11
What is the value of (-43 + 19 - 2) + 36?
10
Evaluate -14 + 29 - (22 + 10) - -34.
17
What is the value of -342 + 333 - (-7 + (0 - (-5 + 2)))?
-5
Evaluate (92 - 70) + (1 - 19).
4
What is the value of 36 + (-23 - (17 - 13))?
9
(-2 - 5) + (-11 + 10 - 6) + 29
15
-49 - (-19 + -15) - (-1 + 0)
-14
Calculate -18 + (19 + -19 - -13) + 3.
-2
-19 + -1 + 948 + -944
-16
Evaluate 142 + -148 + -1 + 0 - (-20 + 2).
11
1 - (18 + -15 + -7)
5
What is the value of 15 - (0 - (-16 + 16 + (-8 - -2)))?
9
What is the value of (-2 - 1) + (-22 - -15) - (-19 - -17)?
-8
What is -20 + -12 + (39 - 22)?
-15
29 + -76 + 40 + 40
33
12 + (-17 - -25) + (8 - (0 - -2))
26
Calculate -16 + (18 + -10 - -17).
9
Evaluate 6 - (-3 - (6 - ((-1 - 3) + 25))).
-6
What is -10 + 2 - (38 + -12 - 15)?
-19
Evaluate 1 + -6 + 8 + (-3 - (3 + 1)).
-4
Calculate -9 + -3 - (20 - 33).
1
-5 + (1 - -9) + (1 - -13)
19
What is (54 - 43) + (-5 - 1) - 3?
2
Evaluate 69 + -25 - (61 - -18).
-35
What is the value of 0 - (12 - 13 - 3)?
4
What is -8 - (-2 + (9 - (15 + -10)))?
-10
What is (13 - -3) + 18 + 27 + -28?
33
What is -3 + 0 + (-14 - -1) + 7 + 34?
25
What is -2 + (13 - -3 - 21)?
-7
-1 - -19 - (14 - 3 - 16)
23
What is the value of 38 + -63 + 9 + 0 - -6?
-10
Evaluate 27 - (-13 - -7 - (0 - 14)).
19
What is -10 + 2 + (19 - 1) + (5 - 12)?
3
-11 + (4 - -9 - 5)
-3
Calculate 18 - ((4 - 3) + 17).
0
What is (7 - (-2 - -5 - 0)) + -6 - -13?
11
Evaluate -30 + 13 - -69 - 24.
28
What is 1 + (-2 - -4) + (-56 - (58 + -105))?
-6
What is the value of -14 + -7 + 5 + 10?
-6
3 - (-3 - (-5 + 1 - 3))
-1
What is the value of 4 - (8 + (6 - 10))?
0
Calculate -28 + (1 - 0) - (173 + -181).
-19
Calculate (5 - (-1 + 2)) + -7 + 4 + -9.
-8
Evaluate (-1 + 11 - 10 - (-1 + -6)) + 10.
17
What is (41 - -28) + -1 + -43?
25
What is -21 + (17 - (-30 - -39))?
-13
Calculate -3 - -1 - -6 - (1 + 7 + -7).
3
103 - 76 - (1 + 18)
8
Evaluate 18 - (21 + 19 + -42 + (-4 - 0)).
24
Calculate 14 + 3 + 0 - (13 - 5).
9
Calculate 245 + -239 + -3 + 1.
4
Evaluate 3 - (-8 + 15 + -2 - 12).
10
Evaluate -13 + 3 + 58 + -37.
11
Calculate -17 - (55 + -65 + (0 - -5) + -2).
-10
What is -12 + 12 - (0 - (-5 + 9))?
4
What is 0 + 3 - 9 - (-28 + 33)?
-11
Calculate -6 + (8 - (-9 + 6)).
5
Calculate 7 - (41 + (-32 - -13) - (2 - 1)).
-14
What is 28 - (14 + -31 - -11 - -11)?
23
What is the value of -16 + (12 - 3) - 8?
-15
(-1 + 0 - (-26 - -34)) + 17
8
Evaluate (-7 + 9 - -2 - 5) + -4 + -16.
-21
What is 1 + 11 + 2 + -41 + (4 - -31)?
8
Calculate (9 - 1) + (29 - 20).
17
Calculate 11 + (0 - (29 - 20)).
2
What is the value of -12 - -1 - (1 - 9 - 2)?
-1
What is -1 - (4 + -72 + 86 + (-7 - -1))?
-13
-7 + (-3 - 0) - (-2 + 5 + -3)
-10
(6 - 14) + (-21 - -22) - -5
-2
Evaluate (-3 - -1 - -11) + -3 - (-1 + 2).
5
Calculate (-110 + 47 - -63) + 19 + -1 + 0.
18
What is the value of 19 + (3 + 3 + -10 - 0)?
15
Evaluate (21 - (10 - (8 + 4))) + -5.
18
Evaluate 5 + (5 - (24 - (5 - -5) - -8)).
-12
Evaluate -13 + 15 + (-8 + 4 - 4).
-6
What is the value of -118 + 130 - (-3 + -2 + -8)?
25
What is -2 + 3 - (-80 + 75)?
6
Calculate 5 + -1 - ((0 - -8) + -22 - -20).
-2
What is the value of (1 - (-13 + 2)) + (14 - (37 - 26))?
15
27 + -33 - (-13 + (4 - (0 - 1)))
2
6 - (18 + (8 + -17 - -9))
-12
-4 + -10 + 16 + -6
-4
Calculate -2 - ((-4 - (-14 + 5)) + -23).
16
Calculate 39 + -27 + -30 + (21 - 4).
-1
What is -24 - 2 - (190 - 210)?
-6
(-3 - (-5 + 10)) + (8 - 5)
-5
What is 0 - ((-65 - -64) + (-1 - -5))?
-3
Evaluate 1 + (12 - 8) + -1 + -2.
2
Evaluate 14 - (9 + -9 + 2 + (30 - 25)).
7
-3 - (17 + -6 + 4) - (95 - 90)
-23
Calculate 1 - -4 - (-20 + 22).
3
(-8 - (3 + 5 + -7 + -2)) + 8
1
-1 + 1 - 0 - (4 + (-9 - -6))
-1
-13 - -26 - (14 - -6)
-7
Evaluate -2 + 2 - -6 - (-326 + 342).
-10
What is the value of 1 + -1 + -12 + 0 + (46 - 36)?
-2
-11 - (-18 - (10 + -14 + -16))
-13
What is 9 - (4 - (-4 + 9)) - 9?
1
Calculate -1 - (-12 + 26 - -1).
-16
Calculate 7 - ((14 - 5) + (9 - 1)).
-10
What is 37 - 38 - (-14 + (-2 - -3))?
12
Calculate 0 + -13 + -6 - -6.
-13
What is the value of 17 - 5 - 11 - (27 - 2)?
-24
8 + (9 - (-4 + 0 - (13 + -16)))
18
What is (9 - 22) + -2 + -2 - -10?
-7
What is the value of -2 - 3 - (-24 - ((-5 - 1) + 5))?
18
Calculate (1 - (-2 + 2)) + -335 + 357.
23
Calculate -3 - (2 + -2) - (40 - 52).
9
What is 0 + -1 + -26 + 10?
-17
What is 13 - (3 + -3 + 4 - -5)?
4
What is the value of -1 - 28 - (37 + -53)?
-13
What is the value of -4 - (0 + 4 + -6 + -2) - -3?
3
3 - 1 - (0 - (-19 + -3 + 13))
-7
Calculate (0 - -5) + -175 + 170.
0
0 + (1 - 13) - (-1050 - -1025)
13
What is 14 + -5 - (24 - 1 - (-39 - -37))?
-16
What is the value of -27 + 5 - (2 + -2 + -2 + -5)?
-15
-14 + -5 + -5 + 18
-6
What is (-16 - (-1 + -18)) + -15?
-12
What is -1 + -31 + (14 - 18) + 6 + 7?
-23
What is (-6 + 6 - (22 + -16)) + -5?
-11
Evaluate -2 + 1 + (33 - 22).
10
-7 - -4 - -12 - (-7 - (11 - 9))
18
Calculate -1 - 6 - ((17 - 11) + -13).
0
What is -129 + 120 - (-6 + -4)?
1
What is -2 - (8 - ((49 - 37) + (-8 - -1)))?
-5
Evaluate (8 - (-3 + 18)) + 14 + -5.
2
What is 0 + 21 + (3 - -8 - 9)?
23
Evaluate -18 - (-4 - -9) - (0 - -6).
-29
What is the value of -3 - (3 + -10 + -8 + 22 - 9)?
-1
What is -5 + (-11 - -18) + 9 + -12 + -18?
-19
-15